1
Let s(b) = 3*b + 16. Give s(-10).
-14
Let g(f) = 2*f - 14. What is g(-6)?
-26
Let d(v) = -2*v. Calculate d(9).
-18
Let h(s) = -s**2 - 9*s - 26. Calculate h(-5).
-6
Let z(r) = -4*r + 6. Determine z(11).
-38
Let c(l) = 4*l - 58. Calculate c(6).
-34
Let f(t) = t**2 - 18*t + 82. Calculate f(9).
1
Let z(i) = 5*i + 4. Calculate z(-8).
-36
Let i(u) = 2*u**3 - 9*u**2 + 7*u + 7. What is i(4)?
19
Let c(n) = 6*n - 66. Determine c(10).
-6
Let m(w) = -6*w**2 + 32*w + 19. Determine m(6).
-5
Let n(w) = -w**3 - 14*w**2 - 16*w - 40. Give n(-13).
-1
Let y(m) = m**2 - 6*m + 11. Give y(7).
18
Let i(b) = -b**2 + 12*b - 27. Give i(5).
8
Let u(x) = -32*x + 267. Give u(8).
11
Let i(n) = n**3 + 10*n**2 - 10*n + 14. What is i(-11)?
3
Let c(h) = -h**2 + 7*h + 3. Determine c(6).
9
Let c(u) = 9*u + 28. Give c(-12).
-80
Let c(v) = v + 7. What is c(-7)?
0
Let b(p) = -3*p**2 - 3*p - 2. Give b(-4).
-38
Let a(h) = h - 2. Give a(4).
2
Let v(r) = 5*r - 9. Calculate v(-4).
-29
Let b(y) = 2*y**2 + 80*y + 157. Calculate b(-38).
5
Let q(v) = v**3 + 5*v**2 + 7*v + 5. Determine q(-4).
-7
Let v(a) = a**3 + 5*a**2 + 6*a + 5. Determine v(-2).
5
Let v(b) = 12*b**2 - 6*b + 5. Calculate v(3).
95
Let o(g) = 58*g**2 - 351*g + 10. Determine o(6).
-8
Let o(h) = 71*h + 1. Give o(-1).
-70
Let u(h) = -h**2 - 9*h + 14. What is u(-10)?
4
Let p(u) = 2*u**2 + 33*u + 61. Determine p(-11).
-60
Let n(y) = 11*y + 103. Give n(-10).
-7
Let v(s) = -s**3 - 5*s**2 + 4*s + 4. Calculate v(-6).
16
Let h(d) = d**3 - 7*d**2 - 4*d - 7. What is h(7)?
-35
Let d(j) = 12*j - 116. Determine d(10).
4
Let u(w) = -w + 4. Determine u(2).
2
Let v(z) = -23*z**3 + 7*z + 6. Determine v(-1).
22
Let q(k) = 58*k**3 - 1. Determine q(-1).
-59
Let r(w) = -w**2 - 18*w - 87. Determine r(-8).
-7
Let v(d) = -d**2 + d - 3. Give v(0).
-3
Let c(s) = s**2 + 4*s - 32. What is c(4)?
0
Let t(d) = 13*d + 200. Determine t(-13).
31
Let c(i) = -15*i**2 + 2*i + 2. Calculate c(-2).
-62
Let y(i) = -i**3 - 12*i**2 - 27*i + 8. Calculate y(-9).
8
Let k(f) = f**2 - 14*f - 2. Give k(9).
-47
Let h(x) = 2*x + 3. What is h(-15)?
-27
Let z(r) = -3*r**2 - 2. Give z(-1).
-5
Let y(u) = 2*u**3 + 3*u**2 - 5*u - 3. Calculate y(-3).
-15
Let m(i) = 5*i - 115. Calculate m(26).
15
Let d(q) = -q**2 - 2*q - 1. Calculate d(2).
-9
Let f(d) = -21*d - 81. Give f(-2).
-39
Let d(v) = -v**3 - 18*v**2 + 18*v - 26. Calculate d(-19).
-7
Let f(p) = 9*p + 23. Calculate f(-7).
-40
Let o(w) = w**2 + 11*w + 9. Determine o(-11).
9
Let b(x) = 11*x**3 - x**2 + x. What is b(1)?
11
Let o(k) = 17*k - 97. Give o(6).
5
Let k(h) = -h**3 + 6*h**2 - 6*h + 6. Determine k(6).
-30
Let g(d) = 35*d + 15. What is g(-3)?
-90
Let s(x) = x**2 + x + 9. Give s(3).
21
Let w(a) = -14*a + 334. Determine w(25).
-16
Let a(f) = -f**2 - 21*f - 79. Calculate a(-16).
1
Let v(k) = 28*k + 1. Determine v(1).
29
Let i(f) = -f**3 - 7*f**2 - f - 6. Calculate i(-7).
1
Let h(a) = -2*a**3 - 5*a**2 - 3. What is h(-4)?
45
Let r(d) = 2*d**2 + 49*d + 36. Determine r(-24).
12
Let n(s) = -s**2 - 15*s - 12. Calculate n(-10).
38
Let s(o) = 33*o + 1. Calculate s(1).
34
Let y(d) = 3*d + 21. Calculate y(-7).
0
Let x(s) = -s**3 + 5*s**2 + 8*s - 6. What is x(6)?
6
Let c(w) = -w**2 + 10*w - 6. Determine c(9).
3
Let d(f) = -28*f**2 - 1. Calculate d(1).
-29
Let i(r) = 2*r**3 + 23*r**2 + 14*r + 28. Calculate i(-11).
-5
Let j(s) = -s**2 - 18*s + 9. Determine j(-20).
-31
Let i(y) = -y**3 + 13*y**2 + 11*y + 44. Calculate i(14).
2
Let i(l) = 3*l - 10. Give i(8).
14
Let i(r) = 2*r**2 + 10*r + 4. Determine i(-7).
32
Let d(i) = i**2 + i + 1. What is d(-6)?
31
Let q(t) = t**3 + 6*t**2 - 8*t - 11. Give q(-7).
-4
Let a(q) = q**3 - 5*q**2 - 13*q. Determine a(8).
88
Let m(r) = -r**2 + 28*r - 165. Give m(20).
-5
Let i(c) = c**3 + 6*c**2 - 13*c - 2. Calculate i(-8).
-26
Let b(t) = -t**2 + 4*t - 4. Calculate b(4).
-4
Let g(w) = 10*w - 134. Calculate g(13).
-4
Let s(n) = -10*n - 4. Give s(-2).
16
Let r(m) = 13*m + 5. What is r(-4)?
-47
Let d(i) = 7*i - 61. What is d(9)?
2
Let f(i) = -17*i + 3. Calculate f(5).
-82
Let x(i) = 9*i**2 + 4*i + 2. Determine x(-3).
71
Let q(m) = -m**3 + 3*m**2 + 5*m - 6. What is q(4)?
-2
Let d(t) = t**2 - 13*t + 3. Calculate d(12).
-9
Let z(m) = -5*m**3 + m**2 - 1. Give z(1).
-5
Let h(r) = 3*r + 2. What is h(3)?
11
Let g(u) = 10*u**2 - 4*u + 3. Give g(3).
81
Let a(o) = 8*o + 134. Determine a(-16).
6
Let m(j) = 29*j**3 - j**2 - j - 1. Determine m(-1).
-30
Let a(n) = -25*n - 217. Calculate a(-8).
-17
Let y(k) = -k**3 - 10*k**2 - 9. What is y(-10)?
-9
Let k(a) = a**3. Calculate k(-3).
-27
Let k(i) = -4*i. Determine k(1).
-4
Let b(f) = -f + 33. What is b(0)?
33
Let r(a) = -28*a + 101. Give r(4).
-11
Let s(t) = -t**2 + 49*t - 229. Give s(5).
-9
Let d(t) = -t - 97. What is d(22)?
-119
Let v(l) = -l**2 - 8*l - 16. Calculate v(-6).
-4
Let m(x) = -x**2 + 14*x - 40. Give m(7).
9
Let c(x) = 3*x**3 - 12*x**2 + 4*x - 12. Give c(5).
83
Let f(y) = -y**2 + 8*y - 7. Give f(9).
-16
Let d(g) = -g**2 + 18*g - 69. Calculate d(12).
3
Let w(c) = 6*c + 12. What is w(-9)?
-42
Let a(k) = -k**2 + 5*k - 17. What is a(0)?
-17
Let q(f) = f**2 - 6*f - 16. What is q(8)?
0
Let l(g) = -8*g - 17. What is l(-12)?
79
Let q(k) = -k**2 - 8*k - 2. What is q(-9)?
-11
Let v(m) = -m**2 - 2*m + 95. Give v(0).
95
Let x(q) = q**3 + q**2 - q + 1. Give x(-6).
-173
Let k(c) = -22*c - 109. Determine k(-5).
1
Let g(v) = -6*v**3 - 2*v + 2. Determine g(2).
-50
Let h(z) = -z**2 + 10*z + 12. Calculate h(10).
12
Let j(h) = 31*h + 126. Determine j(-4).
2
Let c(w) = -2*w**2 + 7*w + 1. Give c(0).
1
Let d(v) = -v**2 + 11*v - 57. Determine d(6).
-27
Let l(u) = 3*u + 20. Determine l(-9).
-7
Let b(u) = -3*u**2 - 11*u + 4. Calculate b(-3).
10
Let t(o) = o**2 - 43*o + 304. Give t(34).
-2
Let i(m) = -2*m**2. Determine i(-2).
-8
Let v(q) = -2*q - 52. What is v(-21)?
-10
Let d(o) = o**2 - 19*o - 73. Give d(22).
-7
Let f(c) = -c**2 + 25*c + 26. What is f(24)?
50
Let x(a) = -2*a**2 + 10*a + 28. Calculate x(10).
-72
Let y(i) = i**3 - 3*i**2 - 7*i - 12. Determine y(5).
3
Let d(t) = t**3 + 25*t**2 + 22*t - 22. What is d(-24)?
26
Let t(j) = j**3 - j**2 + j - 40. Determine t(0).
-40
Let d(z) = -7*z - 1. What is d(-2)?
13
Let i(b) = 2*b**3 - b**2 - 16*b - 8. Give i(3).
-11
Let q(d) = 5*d + 145. What is q(-31)?
-10
Let v(w) = 2*w + 16. What is v(-9)?
-2
Let v(w) = -52*w**3 + 2*w**2 + 2*w - 2. What is v(1)?
-50
Let q(l) = -l**3 - 16*l**2 - 19*l - 52. What is q(-15)?
8
Let f(x) = -x - 10. Give f(6).
-16
Let x(v) = -8*v**2 - v + 1. What is x(2)?
-33
Let m(a) = a**2 - 4*a - 7. Calculate m(-3).
14
Let g(m) = -3*m**2 - m. Calculate g(1).
-4
Let l(p) = -p**2 + 32*p + 115. Determine l(35).
10
Let y(u) = -8*u**3 + 2*u**2 - u + 2. Calculate y(2).
-56
Let y(c) = c + 1. Determine y(25).
26
Let x(j) = j**3 - 10*j**2 + 2*j + 3. Calculate x(10).
23
Let s(l) = l**3 + 8*l**2 + 9*l + 9. What is s(-5)?
39
Let l(n) = -5*n - 3. Give l(5).
-28
Let g(b) = 32*b + 15. Determine g(3).
111
Let c(j) = -j + 4. Determine c(11).
-7
Let s(u) = -4*u**3 - 3*u**2 - 3*u - 3. Calculate s(-2).
23
Let r(q) = q**3 + q**2 - 4*q + 3. Determine r(2).
7
Let z(d) = d**3 + d**2 + 10*d + 6. What is z(0)?
6
Let u(h) = 12*h + 7. Calculate u(-5).
-53
Let i(h) = -2*h**2 - 5*h - 2. Give i(-4).
-14
Let n(r) = r**2 - 15*r + 14. Give n(14).
0
Let c(u) = u**3 - 8*u**2 - 2*u. What is c(7)?
-63
Let g(l) = 13*l**2 + 9*l + 6. Give g(-3).
96
Let s(d) = -d**2 - 21*d - 92. Calculate s(-5).
-12
Let l(d) = -d**2 - 2*d + 3. Calculate l(2).
-5
Let t(r) = r**3 + 13*r**2 + 12*r + 19. Give t(-12).
19
Let q(m) = 2*m + 13. Give q(0).
13
Let j(g) = -5*g + 46. Determine j(10).
-4
Let m(t) = -t**2 + 8*t + 7. Give m(7).
14
Let u(k) = 2*k**3 + k**2 - 5*k - 3. Give u(-3).
-33
Let h(s) = s + 15. Calculate h(11).
26
Let b(a) = 30*a + 159. What is b(-5)?
9
Let x(h) = -h**3 + 6*h**2 + 3. Calculate x(6).
3
Let p(o) = -2*o + 101. Give p(43).
15
Let g(s) = -34*s + 10. What is g(0)?
10
Let v(t) = t**3 - 7*t**2 + 18*t - 33. Give v(5).
7
Let c(n) = 28*n**2 + n - 2. Determine c(1).
27
Let t(k) = -2*k - 19. What is t(-13)?
7
Let o(i) = -5*i + 17. Give o(3).
2
Let m(c) = c**3 - 14*c**2 - 17*c - 32. Calculate m(15).
-62
Let j(m) = 13*m + 10. Determine j(-1).
-3
Let h(f) = 2*f - 25. What is h(13)?
1
Let f(u) = -39*u - 223. Give f(-6).
11
Let s(h) = -h + 27. What is s(0)?
27
Let o(u) = 10*u + 